 of 15 and 1065.
15
Calculate the greatest common divisor of 266 and 294.
14
Calculate the greatest common divisor of 847 and 4961.
121
Calculate the greatest common divisor of 1111 and 22.
11
What is the greatest common divisor of 9 and 909?
9
Calculate the highest common factor of 28 and 376.
4
Calculate the highest common divisor of 49994 and 28.
14
Calculate the greatest common divisor of 1239 and 483.
21
Calculate the greatest common factor of 3129 and 21.
21
What is the greatest common divisor of 18 and 8010?
18
Calculate the highest common divisor of 38 and 646.
38
What is the highest common divisor of 39 and 624?
39
What is the greatest common factor of 198 and 24222?
66
What is the highest common divisor of 23579 and 51?
17
Calculate the greatest common divisor of 448 and 3010.
14
Calculate the greatest common factor of 1241 and 4015.
73
What is the highest common factor of 5800 and 232?
232
Calculate the greatest common factor of 7820 and 3400.
340
Calculate the highest common factor of 1725 and 150.
75
What is the highest common divisor of 486 and 378?
54
Calculate the highest common divisor of 1225 and 98.
49
Calculate the greatest common divisor of 58 and 174.
58
Calculate the greatest common factor of 323 and 2329.
17
Calculate the greatest common factor of 341 and 1177.
11
Calculate the highest common factor of 40 and 72.
8
What is the greatest common divisor of 25 and 2000?
25
What is the highest common divisor of 14 and 1414?
14
Calculate the greatest common factor of 1160 and 40.
40
Calculate the highest common divisor of 5661 and 17.
17
What is the highest common divisor of 113 and 5311?
113
What is the greatest common divisor of 228 and 120?
12
What is the highest common factor of 453 and 6644?
151
Calculate the highest common factor of 176 and 3322.
22
Calculate the greatest common factor of 2222 and 22.
22
What is the greatest common divisor of 64 and 3328?
64
Calculate the highest common divisor of 966 and 84.
42
Calculate the greatest common factor of 2123 and 11.
11
Calculate the greatest common factor of 6 and 222.
6
What is the highest common divisor of 244 and 2074?
122
Calculate the highest common factor of 222 and 5883.
111
What is the greatest common factor of 82 and 779?
41
What is the greatest common factor of 12428 and 52?
52
What is the highest common divisor of 230 and 3?
1
What is the greatest common divisor of 500 and 20?
20
Calculate the greatest common divisor of 24 and 224.
8
What is the greatest common divisor of 2484 and 184?
92
Calculate the greatest common divisor of 3 and 3.
3
What is the highest common factor of 105 and 252?
21
Calculate the highest common divisor of 2478 and 7.
7
What is the greatest common divisor of 2257 and 148?
37
What is the greatest common factor of 19 and 7277?
19
What is the highest common divisor of 6545 and 110?
55
Calculate the highest common divisor of 72 and 684.
36
What is the highest common divisor of 28 and 448?
28
Calculate the greatest common divisor of 5856 and 610.
122
What is the greatest common divisor of 3344 and 1368?
152
Calculate the greatest common factor of 105 and 60.
15
Calculate the highest common factor of 156 and 364.
52
What is the greatest common divisor of 24 and 12?
12
What is the highest common factor of 98 and 2730?
14
What is the highest common factor of 45 and 97245?
45
What is the greatest common divisor of 42355 and 215?
215
Calculate the highest common divisor of 585 and 1235.
65
Calculate the highest common factor of 120 and 408.
24
Calculate the highest common factor of 377 and 29.
29
What is the greatest common divisor of 20547 and 9?
9
What is the greatest common divisor of 95 and 304?
19
Calculate the greatest common factor of 115 and 5.
5
Calculate the greatest common divisor of 260 and 1456.
52
What is the highest common factor of 323 and 34?
17
Calculate the greatest common factor of 232 and 648.
8
Calculate the greatest common factor of 1030 and 90.
10
Calculate the highest common divisor of 477 and 2279.
53
Calculate the greatest common factor of 9575 and 25.
25
What is the highest common divisor of 59022 and 27?
27
Calculate the highest common factor of 961 and 31.
31
What is the highest common divisor of 1375 and 55?
55
What is the highest common divisor of 132 and 366?
6
What is the greatest common divisor of 564 and 36?
12
Calculate the greatest common factor of 9 and 81.
9
Calculate the greatest common divisor of 26 and 754.
26
Calculate the highest common factor of 320 and 256.
64
Calculate the greatest common factor of 81 and 27.
27
Calculate the highest common factor of 54 and 16.
2
Calculate the highest common divisor of 210 and 3710.
70
What is the highest common divisor of 10 and 525?
5
Calculate the highest common divisor of 21 and 245.
7
Calculate the highest common divisor of 513 and 1501.
19
Calculate the greatest common divisor of 5041 and 142.
71
Calculate the highest common factor of 2967 and 129.
129
What is the greatest common divisor of 304 and 64?
16
What is the highest common divisor of 486 and 3?
3
Calculate the greatest common divisor of 33 and 3597.
33
What is the greatest common factor of 220 and 55?
55
What is the highest common factor of 203 and 145?
29
Calculate the greatest common divisor of 147 and 21.
21
Calculate the highest common divisor of 1302 and 28.
14
Calculate the greatest common factor of 78 and 48.
6
What is the greatest common factor of 54 and 42?
6
Calculate the highest common factor of 64 and 80.
16
What is the greatest common divisor of 84 and 9954?
42
What is the highest common factor of 1755 and 270?
135
What is the highest common divisor of 63 and 119?
7
What is the greatest common divisor of 6 and 42?
6
Calculate the highest common factor of 5 and 155.
5
What is the greatest common divisor of 1584 and 18?
18
What is the greatest common divisor of 14 and 14?
14
What is the highest common divisor of 243 and 54?
27
Calculate the greatest common factor of 336 and 21.
21
What is the highest common divisor of 133 and 57?
19
What is the highest common divisor of 272 and 116?
4
Calculate the highest common divisor of 69 and 1817.
23
Calculate the highest common factor of 1768 and 78.
26
Calculate the highest common factor of 138 and 1058.
46
Calculate the highest common divisor of 10341 and 54.
27
Calculate the highest common factor of 12 and 6.
6
Calculate the highest common divisor of 184 and 424.
8
What is the greatest common factor of 145756 and 26?
26
Calculate the highest common divisor of 19 and 57.
19
Calculate the greatest common factor of 1014 and 390.
78
Calculate the highest common factor of 264 and 1650.
66
What is the greatest common factor of 595 and 70?
35
Calculate the greatest common divisor of 158 and 2054.
158
Calculate the greatest common factor of 9 and 12.
3
Calculate the greatest common divisor of 6 and 318.
6
What is the greatest common factor of 12 and 12?
12
What is the highest common divisor of 90 and 90?
90
Calculate the greatest common factor of 299 and 39.
13
What is the highest common factor of 279 and 4371?
93
Calculate the greatest common factor of 31 and 1643.
31
What is the greatest common factor of 2 and 6?
2
What is the highest common divisor of 44 and 4840?
44
Calculate the highest common divisor of 75 and 1775.
25
Calculate the greatest common divisor of 467 and 37360.
467
What is the greatest common divisor of 135 and 17685?
135
What is the greatest common divisor of 14 and 126?
14
Calculate the greatest common factor of 5592 and 456.
24
Calculate the highest common factor of 48 and 24.
24
Calculate the highest common factor of 14678 and 41.
41
What is the highest common divisor of 5 and 8?
1
Calculate the highest common divisor of 34 and 459.
17
What is the highest common divisor of 112 and 528?
16
What is the greatest common factor of 2472 and 72?
24
Calculate the highest common factor of 84 and 40208.
28
Calculate the highest common factor of 1311 and 2553.
69
Calculate the greatest common divisor of 392 and 98.
98
Calculate the highest common factor of 80 and 30.
10
Calculate the highest common divisor of 16 and 1424.
16
What is the highest common factor of 671 and 187?
11
Calculate the greatest common factor of 14 and 2702.
14
What i